{"id":2,"date":"2016-06-27T15:21:26","date_gmt":"2016-06-27T15:21:26","guid":{"rendered":"http:\/\/www.vreausfat.ro\/?page_id=2"},"modified":"2026-04-14T06:54:00","modified_gmt":"2026-04-14T06:54:00","slug":"about","status":"publish","type":"page","link":"https:\/\/www.vreausfat.ro\/?page_id=2","title":{"rendered":"Cum te pot ajuta"},"content":{"rendered":"<h3>\ud83d\udd39 Consiliere psihologic\u0103 individual\u0103<\/h3>\n<ul>\n<li>Probleme rela\u021bionale (cu p\u0103rin\u021bi, copii, parteneri, colegi, \u0219efi, familie, dar mai ales cu sine)<\/li>\n<li>Sprijin emo\u021bional \u00een perioadele dificile din via\u021b\u0103<\/li>\n<li>Comportamente de auto-sabotare<\/li>\n<\/ul>\n<h3>\ud83d\udd39 Autocunoa\u0219tere \u0219i dezvoltare personal\u0103<\/h3>\n<ul>\n<li>Lipsa \u00eencrederii \u00een sine<\/li>\n<li>G\u00e2nduri negative, anxietate, triste\u021be, furie, vinov\u0103\u021bie, neputin\u021b\u0103<\/li>\n<li>Atacuri de panic\u0103, procrastinare<\/li>\n<li>Lipsa sensului \u00een via\u021b\u0103<\/li>\n<li>Traume din copil\u0103rie<\/li>\n<\/ul>\n<h3>\ud83d\udd39 Psiho-educa\u021bie<\/h3>\n<ul>\n<li>\u00cen\u021belegerea propriilor st\u0103ri \u0219i emo\u021bii<\/li>\n<li>\u00cen\u021belegerea comportamentului celor din jur<\/li>\n<li>Optimizare personal\u0103 \u0219i rela\u021bional\u0103<\/li>\n<li>Strategii de gestionare a st\u0103rilor emo\u021bionale dificile<\/li>\n<\/ul>\n<h3>\ud83d\udd39 Grupuri de sprijin \u0219i dezvoltare<\/h3>\n<ul>\n<li>Grup de dezvoltare personal\u0103<\/li>\n<li>Grup pentru p\u0103rin\u021bi<\/li>\n<\/ul>\n<h3>\ud83d\udd39 Evalu\u0103ri psihologice<\/h3>\n<ul>\n<li>Evaluarea st\u0103rii de s\u0103n\u0103tate mintal\u0103 \u0219i a tulbur\u0103rilor clinice<\/li>\n<li>Evaluarea tr\u0103s\u0103turilor de personalitate<\/li>\n<li>Evaluare pentru consiliere \u00een carier\u0103 (aptitudini, valori, interese)<\/li>\n<\/ul>\n<div><\/div>\n<h2>\u2705 Cine poate apela la aceste servicii<\/h2>\n<ul>\n<li>Persoane care se confrunt\u0103 cu dificult\u0103\u021bi emo\u021bionale, rela\u021bionale sau comportamentale<\/li>\n<li>Cei care doresc s\u0103 se \u00een\u021beleag\u0103 mai bine \u0219i s\u0103 identifice cauzele propriului comportament<\/li>\n<li>Cei care simt nevoia unei schimb\u0103ri, dar nu \u0219tiu de unde s\u0103 \u00eenceap\u0103<\/li>\n<li>Persoane care cred c\u0103 pot mai mult, dar nu \u0219i-au g\u0103sit \u00eenc\u0103 direc\u021bia<\/li>\n<li><strong>Companii<\/strong> care vor s\u0103 sus\u021bin\u0103 starea de bine psihologic\u0103 a angaja\u021bilor<\/li>\n<li><strong>Organiza\u021bii<\/strong> care doresc s\u0103 creeze grupuri de sprijin pentru p\u0103rin\u021bi-angaja\u021bi<\/li>\n<\/ul>\n<p style=\"text-align: justify;\">\n","protected":false},"excerpt":{"rendered":"<p>\ud83d\udd39 Consiliere psihologic\u0103 individual\u0103 Probleme rela\u021bionale (cu p\u0103rin\u021bi, copii, parteneri, colegi, \u0219efi, familie, dar mai ales cu sine) Sprijin emo\u021bional \u00een perioadele dificile din via\u021b\u0103 Comportamente de auto-sabotare \ud83d\udd39 Autocunoa\u0219tere \u0219i dezvoltare personal\u0103 Lipsa \u00eencrederii \u00een sine G\u00e2nduri negative, anxietate, triste\u021be, furie, vinov\u0103\u021bie, neputin\u021b\u0103 Atacuri de panic\u0103, procrastinare Lipsa sensului \u00een via\u021b\u0103 Traume din copil\u0103rie&#8230;<\/p>\n","protected":false},"author":2,"featured_media":0,"parent":0,"menu_order":3,"comment_status":"open","ping_status":"closed","template":"","meta":{"_uag_custom_page_level_css":"","_kad_post_transparent":"","_kad_post_title":"","_kad_post_layout":"","_kad_post_sidebar_id":"","_kad_post_content_style":"","_kad_post_vertical_padding":"","_kad_post_feature":"","_kad_post_feature_position":"","_kad_post_header":false,"_kad_post_footer":false,"_kad_post_classname":"","footnotes":""},"class_list":["post-2","page","type-page","status-publish","hentry"],"uagb_featured_image_src":{"full":false,"thumbnail":false,"medium":false,"medium_large":false,"large":false,"1536x1536":false,"2048x2048":false},"uagb_author_info":{"display_name":"Simona Luiza Seteanu","author_link":"https:\/\/www.vreausfat.ro\/author\/simona-seteanu"},"uagb_comment_info":2,"uagb_excerpt":"\ud83d\udd39 Consiliere psihologic\u0103 individual\u0103 Probleme rela\u021bionale (cu p\u0103rin\u021bi, copii, parteneri, colegi, \u0219efi, familie, dar mai ales cu sine) Sprijin emo\u021bional \u00een perioadele dificile din via\u021b\u0103 Comportamente de auto-sabotare \ud83d\udd39 Autocunoa\u0219tere \u0219i dezvoltare personal\u0103 Lipsa \u00eencrederii \u00een sine G\u00e2nduri negative, anxietate, triste\u021be, furie, vinov\u0103\u021bie, neputin\u021b\u0103 Atacuri de panic\u0103, procrastinare Lipsa sensului \u00een via\u021b\u0103 Traume din copil\u0103rie...","_links":{"self":[{"href":"https:\/\/www.vreausfat.ro\/index.php?rest_route=\/wp\/v2\/pages\/2","targetHints":{"allow":["GET"]}}],"collection":[{"href":"https:\/\/www.vreausfat.ro\/index.php?rest_route=\/wp\/v2\/pages"}],"about":[{"href":"https:\/\/www.vreausfat.ro\/index.php?rest_route=\/wp\/v2\/types\/page"}],"author":[{"embeddable":true,"href":"https:\/\/www.vreausfat.ro\/index.php?rest_route=\/wp\/v2\/users\/2"}],"replies":[{"embeddable":true,"href":"https:\/\/www.vreausfat.ro\/index.php?rest_route=%2Fwp%2Fv2%2Fcomments&post=2"}],"version-history":[{"count":23,"href":"https:\/\/www.vreausfat.ro\/index.php?rest_route=\/wp\/v2\/pages\/2\/revisions"}],"predecessor-version":[{"id":2109,"href":"https:\/\/www.vreausfat.ro\/index.php?rest_route=\/wp\/v2\/pages\/2\/revisions\/2109"}],"wp:attachment":[{"href":"https:\/\/www.vreausfat.ro\/index.php?rest_route=%2Fwp%2Fv2%2Fmedia&parent=2"}],"curies":[{"name":"wp","href":"https:\/\/api.w.org\/{rel}","templated":true}]}}